 1ebb8 - -136?
1ecee
In base 2, what is -11111 - -11001111101011110?
11001111100111111
In base 7, what is -5 - -24356123?
24356115
In base 8, what is 114 + -6730137?
-6730023
In base 8, what is 5 + 370660015?
370660022
In base 8, what is 5 + -466630041?
-466630034
In base 5, what is -2211 - 124414010?
-124421221
In base 14, what is 3 + -8da257?
-8da254
In base 8, what is -36364 + 47?
-36315
In base 3, what is 101222021101010 - 1220?
101222021022020
In base 8, what is -15741 - -103026?
65065
In base 5, what is 141 - -21411043?
21411234
In base 15, what is -73e + 11e8?
9a9
In base 4, what is -201011033122 - 10?
-201011033132
In base 15, what is 7 - -19d75?
19d7c
In base 10, what is 8965 - -50171?
59136
In base 8, what is 12537767 - 3?
12537764
In base 12, what is -166 - -a7339?
a7193
In base 10, what is 5176193 + -38?
5176155
In base 3, what is -110221200010101 + 10?
-110221200010021
In base 13, what is -3 + -65c236?
-65c239
In base 2, what is -11100 + -111110000010001011000110?
-111110000010001011100010
In base 5, what is -10 + -143001234?
-143001244
In base 11, what is -32198aa + -4?
-3219903
In base 2, what is 1011001 + -1001110100000001101?
-1001110011110110100
In base 2, what is 1 + -1111011111101011000100100?
-1111011111101011000100011
In base 9, what is -32011 - 5853?
-37864
In base 4, what is 1001231220202 + -1?
1001231220201
In base 8, what is 1176052 - 203?
1175647
In base 7, what is 1123 + -41063?
-36640
In base 7, what is -111 - -643514?
643403
In base 10, what is -1607896 - -1?
-1607895
In base 15, what is -1534 - 951?
-1e85
In base 13, what is c7a2762 + 1?
c7a2763
In base 16, what is 36c0b - -e4?
36cef
In base 11, what is 559181 + -a6?
559086
In base 3, what is -22000222002002 + 1122?
-22000222000110
In base 11, what is 2a - -99a5aa?
99a629
In base 10, what is -419407848 + -5?
-419407853
In base 7, what is 125 + 212116?
212244
In base 14, what is 1657324b + -3?
16573248
In base 15, what is -5 + -4a735?
-4a73a
In base 9, what is -605787 - -60?
-605727
In base 7, what is 6364263636 + 4?
6364263643
In base 4, what is 3033012 + -11330?
3021022
In base 3, what is 10000202 + 211012202012?
211022202221
In base 4, what is 1333221101 - -222?
1333221323
In base 10, what is 444 - 2399?
-1955
In base 2, what is 11100110001010 + -1101000110?
11011001000100
In base 9, what is 66714562 - 10?
66714552
In base 8, what is -200372716 - 4?
-200372722
In base 6, what is -32535112 - 115?
-32535231
In base 12, what is 1b + -300543?
-300524
In base 14, what is -11a4 + -a371?
-b535
In base 11, what is -258025 - -27?
-257aa9
In base 2, what is -110111000 + 1110101100010110?
1110100101011110
In base 6, what is -1133532 + 42?
-1133450
In base 10, what is 26485 + 918?
27403
In base 14, what is -1d2 - -2966?
2774
In base 12, what is -180 - -171639?
171479
In base 3, what is -10010211 - 21021222?
-101102210
In base 7, what is -12515126 + -444?
-12515603
In base 11, what is -5 + 108418781?
108418777
In base 10, what is -5 + 20042612?
20042607
In base 13, what is ba + 19374?
19461
In base 8, what is -6356732 + -4?
-6356736
In base 12, what is -54 - 355596?
-35562a
In base 13, what is -150 - 128ab2?
-128c32
In base 5, what is -1210042230134 + -3?
-1210042230142
In base 3, what is -100 + -100000222112002?
-100000222112102
In base 15, what is 4 + -20141e41?
-20141e3c
In base 4, what is -220201231 - 113030?
-220320321
In base 15, what is -70243 - -c3?
-70170
In base 15, what is -40 - -56ee2?
56ea2
In base 13, what is 3 + 7c43ba3?
7c43ba6
In base 8, what is 621220 - -4435?
625655
In base 6, what is 12111 - -25145?
41300
In base 3, what is 11212 + -20210211211?
-20210122222
In base 3, what is 1111 + -2001122101022?
-2001122022211
In base 13, what is -23a + -a7bb0?
-a811a
In base 6, what is 3 + -5025222102?
-5025222055
In base 8, what is 61561745 + 63?
61562030
In base 6, what is -33113 + 2233?
-30440
In base 4, what is 213022131 - 12311?
213003220
In base 7, what is 550034 - -1013?
551050
In base 9, what is 4646351834 + 5?
4646351840
In base 14, what is 122 + -31470?
-3134c
In base 13, what is -30 + -106b10?
-106b40
In base 5, what is 12 - -410214424?
410214441
In base 2, what is 101101101000011 - 10100000011?
101011001000000
In base 5, what is 4023141330 - -11?
4023141341
In base 7, what is 113336534 + -3?
113336531
In base 13, what is -17 + 41785?
4176b
In base 4, what is 3020303222023 - -3?
3020303222032
In base 16, what is 39bd + 3d?
39fa
In base 8, what is 323125 + 162?
323307
In base 3, what is 2100101102221 + 21?
2100101110012
In base 9, what is 0 - -251542838?
251542838
In base 11, what is -236 + -5570?
-57a6
In base 9, what is -1853737 + 44?
-1853683
In base 13, what is 5456a + 5?
54572
In base 15, what is -a - -2279b?
22791
In base 4, what is -1313210311 - 1?
-1313210312
In base 10, what is 7744084 + 3?
7744087
In base 7, what is -1 - 145362261?
-145362262
In base 16, what is 50 - 39ef1b?
-39eecb
In base 5, what is -14420 - -34031321?
34011401
In base 3, what is -222211 - -120102021?
112102110
In base 8, what is -31216 + -17150?
-50366
In base 11, what is -756 + 7467?
6811
In base 11, what is 798 + -693a5?
-68708
In base 16, what is 7e833 - ff?
7e734
In base 6, what is 1 - -3151003552?
3151003553
In base 6, what is 11355213 + 55?
11355312
In base 4, what is 2022202120 + 22?
2022202202
In base 3, what is 111211101022011 - 10?
111211101022001
In base 4, what is -202223 + -200100?
-1002323
In base 12, what is 238b + -7289?
-4aba
In base 9, what is -312800437 + -3?
-312800441
In base 6, what is -231345 + -442?
-232231
In base 2, what is 101100001 - -1111110000101100?
1111110110001101
In base 10, what is 82987872 + -3?
82987869
In base 2, what is 101100101111010 - 1000100100100?
100100001010110
In base 8, what is 21 - -3440614?
3440635
In base 2, what is 10 + -10101110110110000001100?
-10101110110110000001010
In base 4, what is 2220212 - 330300?
1223312
In base 15, what is -2 + -814753?
-814755
In base 3, what is -1020200022211201022 - 1?
-1020200022211201100
In base 15, what is 0 + 6ea97?
6ea97
In base 5, what is -30430113034 + -4?
-30430113043
In base 5, what is 221 - 2334313111?
-2334312340
In base 4, what is -30 - 22332222111?
-22332222201
In base 14, what is 6275da1 + -9?
6275d96
In base 8, what is -3126060 - 5?
-3126065
In base 13, what is -a8 - 10c681?
-10c759
In base 14, what is -3 + 14d485a?
14d4857
In base 13, what is -398547 + aa?
-39846a
In base 15, what is eb55 - 2dc9?
bc7b
In base 5, what is 2 - 120423340?
-120423333
In base 8, what is 23234473 - -47?
23234542
In base 15, what is 21e - -3386?
35a5
In base 16, what is -1fd4 + ba?
-1f1a
In base 2, what is -110011101101 + 10001000001110010?
10000001110000101
In base 7, what is 452 - -44545?
45330
In base 2, what is 1101101010100111100111010 + -10?
1101101010100111100111000
In base 9, what is -16 + -14427860?
-14427876
In base 9, what is 4 - 8262377?
-8262373
In base 6, what is -3 + -553211010?
-553211013
In base 6, what is 4 - -31431352?
31431400
In base 13, what is 3a18 - a8?
3940
In base 15, what is 158 + 1374c?
138a5
In base 2, what is -110011 + -11001011111100001101001?
-11001011111100010011100
In base 15, what is b3dc + -a?
b3d2
In base 12, what is 5 - -23a924a?
23a9253
In base 12, what is 5 + -96571a?
-965715
In base 5, what is 4 + -10040241444?
-10040241440
In base 3, what is 2220121102100110 + -12?
2220121102100021
In base 14, what is -50a1 + -8500?
-d5a1
In base 4, what is 13020023120 + -221?
13020022233
In base 11, what is 30559a8 + -4?
30559a4
In base 6, what is 111050 - -115400?
230450
In base 16, what is -3470e + 23?
-346eb
In base 8, what is -1671472 + -27?
-1671521
In base 13, what is -1a + -3197a7?
-3197c4
In base 8, what is -1 + 103156720?
103156717
In base 7, what is -2023023350 - 5?
-2023023355
In base 6, what is 432 - 1344414?
-1343542
In base 12, what is -1267 + 2865?
15ba
In base 16, what is -3393 - -40b?
-2f88
In base 9, what is -7336 + 232?
-7104
In base 4, what is -13132132 + -21100?
-13213232
In base 8, what is -6724507 + -37?
-6724546
In base 2, what is 10110 + -10110110101011101111?
-10110110101011011001
In base 12, what is 6 - 3094874?
-309486a
In base 11, what is 280 - 83a4?
-8124
In base 9, what is -6665855 + 3?
-6665852
In base 14, what is 9 + 155d07?
155d12
In base 6